6. Let x(v) = 7*v + 32. Let j be x(2). Calculate the highest common divisor of j and s.
46
Let h = 879 - 620. Suppose 0 = -0*z - 5*z + 185. Calculate the greatest common factor of h and z.
37
Let z = 6423 + -4712. What is the highest common divisor of 116 and z?
29
Let o = 36843 + -34803. What is the greatest common divisor of o and 24?
24
Let f(m) = 35*m + 7. Let q be f(5). Let h be (-1292)/(-85) - (-24)/(-20). What is the greatest common divisor of h and q?
14
Let u be (-623)/(-2) + (-15)/10. Let j = u - 254. Calculate the greatest common factor of 7 and j.
7
Suppose 0 = 122*c - 152*c + 259800. Calculate the greatest common divisor of 20 and c.
20
Let u = 2 + 15. Let l(a) = 2*a - 36. Let r be l(u). Let k be (1 - 1) + 9*r/(-3). Calculate the greatest common divisor of k and 15.
3
Suppose 0 = 3*l - 2*v - 13, 2*l - 15 = -v - 4*v. Suppose 3094 + 161 = l*o. What is the greatest common factor of 31 and o?
31
Let i be (-59)/(-1 - -2) - (15 + -14). Let g = i - -64. Suppose -3*z = 2*s - g*z - 91, 59 = s - 5*z. What is the greatest common factor of 11 and s?
11
Let c be ((-3)/(-2))/((-42)/(-896)). Let v = 979 - 819. Calculate the greatest common divisor of c and v.
32
Let l be (-13046)/(-363) + (-24)/(-396). Suppose -2*o - 1080 = -5*o. Suppose o = 3*p + 2*p. Calculate the greatest common divisor of l and p.
36
Let s = -363 + 653. Suppose 5211 + 4289 = 84*x - 9988. What is the highest common factor of s and x?
58
Let z = -374 - -537. Let t = 436 - z. Calculate the highest common divisor of 42 and t.
21
Suppose 4*k - 3*z - 38322 = 0, 5*k - 47898 = 25*z - 22*z. Calculate the greatest common factor of k and 24.
24
Let q(f) = 25 - 43*f + 85*f + 2*f**3 - 39*f. Let o be q(0). What is the greatest common factor of 200 and o?
25
Let s(u) = -22*u + 4. Let r(n) = -n**3 - 28*n**2 + 30*n + 29. Let b be r(-29). Let p be s(b). Let k = 57 + -29. What is the greatest common factor of p and k?
4
Let t(p) = -75*p + 3242. Let q be t(42). Calculate the highest common factor of q and 8326.
46
Let o(f) = -6*f - 8. Let h(n) = -6*n - 10. Let c(b) = 3*h(b) - 4*o(b). Let u be c(1). What is the highest common factor of u and 56?
8
Suppose -5*w + 221*i - 217*i + 556 = 0, -i + 122 = w. What is the highest common factor of w and 4?
4
Let b = 8356 + -7132. What is the greatest common divisor of 9656 and b?
136
Suppose 103 + 173 = 3*z. Let p be (z/20 - 4) + (-14)/(-10). Let n be (-9800)/(-68) + p/(-17). What is the greatest common divisor of n and 16?
16
Let a = 126 + -113. Suppose -1040 = -3*b - a*b. What is the greatest common factor of b and 26?
13
Suppose -20*v = 96 - 336. Let x = 64 + v. What is the highest common divisor of x and 4?
4
Suppose -q - 620 = -11*q. Let r be 6 + (-19208)/(-24) + -1*(-4)/(-12). What is the highest common factor of q and r?
62
Let u be (-5)/25 + (-1)/(-5). Suppose -5*x = -u*x - 130. Let h = -141200 - -141278. What is the highest common factor of x and h?
26
Let z(u) = 85*u**2 - 193*u + 576. Let j be z(3). Calculate the highest common divisor of j and 54.
6
Let h = -31 - -38. Suppose -h*o = 5*o - 1176. Suppose 3*r - o = -38. Calculate the greatest common divisor of 4 and r.
4
Let l be (-30)/14 - -2 - (-4932)/(-21). Let m = l - -499. Suppose 0 = -4*d - 4*x + m - 104, 122 = 3*d + 2*x. What is the greatest common divisor of d and 14?
14
Let r be (-23)/((-345)/(-300)) - -380. What is the greatest common factor of 3060 and r?
180
Let w(a) = a**2 - 1097*a + 9953. Let h be w(9). Let d be 1/(-2)*(-93 - -1). What is the greatest common factor of d and h?
23
Let p(a) = 2*a**2 + 104*a + 1153. Let w be p(-37). What is the highest common divisor of 7181 and w?
43
Suppose -6*l = -5*l + 3*f - 7810, -3*f - 23394 = -3*l. Suppose l = 7*z + 640. Suppose -597 = -4*j + z. What is the highest common divisor of j and 45?
45
Let d = -11668 - -11693. Calculate the greatest common factor of 6925 and d.
25
Let v(g) = -g**3 - 13*g**2 - 12*g + 17. Let x be (-7)/2*(-720)/(-210). Let s be v(x). What is the greatest common divisor of s and 629?
17
Let z be -53 + 69 + (11 - 0). Calculate the highest common divisor of 45 and z.
9
Suppose 12*t = 14*t + 10. Let z be (-5 + (t - -4))*42/(-9). What is the highest common factor of z and 840?
28
Let p(g) = -g**3 + 5*g**2 - g - 3. Let a be p(3). Let r(h) = -h**2 + 9*h + 19. Let u be r(8). What is the highest common divisor of u and a?
3
Let x = 7405 - 5299. Calculate the highest common factor of x and 13.
13
Let p(o) = 32*o - 13. Let x = 119 + -117. Suppose x - 10 = -h. Let v be p(h). Calculate the greatest common divisor of v and 27.
27
Suppose -f + 18 = 11. Suppose -51 = f*p - 4*p. Let c(l) = l**3 + 18*l**2 + 12*l - 40. Let t be c(p). Calculate the highest common divisor of t and 15.
15
Let q = 142 + -5. Suppose 2*i - q = -49. Let l be (3 - 87/18)*-6. What is the highest common divisor of i and l?
11
Suppose 23*v = 10*v - 6955. Let a = -421 - v. What is the highest common factor of 38 and a?
38
Let m(i) = -14*i + 1939. Let c be m(-62). What is the greatest common factor of c and 7?
7
Suppose 5*c - h - 776 = 0, 23*h = c + 28*h - 150. What is the highest common divisor of c and 279?
31
Let z = -32 - -38. Suppose z*p - 275 - 61 = 0. What is the highest common divisor of p and 42?
14
Let i = -1475 - -1739. What is the highest common factor of i and 28?
4
Let s be (-46)/10 + (-9)/(-15) + 9. Suppose -4*l + s*q + 74 = 7*q, 0 = 3*l + 3*q - 51. Calculate the highest common factor of l and 220.
20
Suppose 1400 = 1037*l + 363*l. Let n be 2*5*1 - 1. What is the greatest common factor of n and l?
1
Suppose x + 264 = -7*x. Let h be (-93)/2 + (x/(-6) - 4). Let g be ((-8)/18)/(30/h)*195. Calculate the greatest common divisor of g and 26.
26
Let f be 6745 + 6 + (15 - 21). Calculate the greatest common divisor of f and 38.
19
Let w(z) be the third derivative of -z**4/6 + z**3/3 + z**2. Let c be w(-2). Suppose -87 - 162 = -196*p + 5631. Calculate the greatest common factor of c and p.
10
Suppose 849*w = 832*w + 272. What is the greatest common factor of 136 and w?
8
Let h = -122 - -122. Suppose 8*q + 0*q - 16 = h. Suppose -1 = q*y - 133. Calculate the highest common divisor of y and 33.
33
Let p(y) = 14*y**2 - 3*y**3 + 0*y**2 + 2*y**3 - 19 - 3*y - 7*y. Let u be p(13). Calculate the highest common factor of u and 180.
20
Let u = 3434 + -3314. Calculate the greatest common divisor of u and 1704.
24
Let k = -428 + 448. Let m be k*(8 + 8 + -7). Calculate the greatest common divisor of 40 and m.
20
Let v be (-40 + -1)/(9/(-27)). Let r be ((-236)/4)/(-5 - (-22)/4). Let z = r + v. What is the highest common divisor of z and 35?
5
Let g = -161776 - -161794. Let i be (-18)/2*10/(-1). What is the highest common factor of i and g?
18
Let h = 12640 - 12488. What is the highest common divisor of 1444 and h?
76
Let m = 11794 + -11734. Calculate the highest common factor of m and 210.
30
Let t = -47 - -65. Let w = -15 + t. Let h be -5 + 4 + (-9)/w + 37. What is the greatest common factor of 330 and h?
33
Let h(x) be the third derivative of -x**4/24 + 41*x**3/6 - 77*x**2. Let a be h(34). What is the greatest common divisor of 77 and a?
7
Let o = -6957 + 6960. Calculate the highest common factor of 483 and o.
3
Let i = 3163 + -2821. Calculate the highest common factor of 152 and i.
38
Let x be 4822 - (0 - 5)*(-6)/(-6). Suppose 3493 + x = 20*h. What is the highest common divisor of h and 4?
4
Let k = 12842 - 11826. Calculate the highest common factor of 889 and k.
127
Suppose 0*l + 3*l - 165 = 0. Let o(n) = 18*n - 49. Suppose 17 = 8*m - 7. Let g be o(m). What is the highest common factor of l and g?
5
Let f = 5829 + -5323. What is the highest common divisor of 874 and f?
46
Let c be 76/(-494) - 236/(-13). Let i be (268/12 + -5)/(3/c). What is the highest common divisor of i and 156?
52
Suppose -4*x + 7*x - 229 = 5*h, 5*x = h + 389. Let v = 1254 + -1202. What is the greatest common divisor of x and v?
26
Let x = 20450 + -14444. Calculate the greatest common factor of 22 and x.
22
Suppose -5*b - 5*u = -32019 - 7121, -2*b - 3*u = -15654. What is the highest common divisor of b and 54?
54
Let j = -8468 + 8521. What is the greatest common divisor of 1643 and j?
53
Let k be -13*(-14 + 1) + -1. Suppose -104 = -5*s - 2*z, 3*z - 69 - 27 = -5*s. Calculate the highest common factor of